{"id":3,"date":"2023-07-03T15:07:23","date_gmt":"2023-07-03T13:07:23","guid":{"rendered":"https:\/\/pflegeazubis-beraten.de\/?page_id=3"},"modified":"2023-12-18T10:08:04","modified_gmt":"2023-12-18T09:08:04","slug":"datenschutzerklaerung","status":"publish","type":"page","link":"https:\/\/pflegeazubis-beraten.de\/?page_id=3","title":{"rendered":"Impressum und Datenschutzerkl\u00e4rung"},"content":{"rendered":"\n<h3 class=\"wp-block-heading\">Redaktion und Verantwortliche f\u00fcr den Inhalt<\/h3>\n\n\n\n<p>Dieser Weblog wird zusammen mit Auszubildenden und Lehrenden von Pflegeschulen erstellt. Verantwortlich f\u00fcr die allgemeinen Seiten sowie f\u00fcr das Gesamtprojekt sind:<\/p>\n\n\n\n<p>Prof. Dr. Tobias H\u00f6lterhof und Prof. Dr. Roland Br\u00fche<br>Katholische Hochschule NRW<br>W\u00f6rthstra\u00dfe 10<br>50668 K\u00f6ln<br>E-Mail-Adresse und Telefonnummer finden Sie auf dieser <a href=\"https:\/\/katho-nrw.de\/hoelterhof-tobias-prof-dr\" data-type=\"URL\" data-id=\"https:\/\/katho-nrw.de\/hoelterhof-tobias-prof-dr\">Profil-Seite<\/a>.<\/p>\n\n\n\n<p>Verantwortlich f\u00fcr die Blog-Eintr\u00e4ge der Pflegeschulen sind die unter <a href=\"https:\/\/pflegeazubis-beraten.de\/?page_id=14\" data-type=\"page\" data-id=\"14\">Wer bloggt hier?<\/a> genannten Ansprechpersonen der jeweiligen Pflegeschule.<br><\/p>\n\n\n\n<h2 class=\"wp-block-heading\">Erhebung und Verarbeitung von Daten<\/h2>\n\n\n\n<p>Diese Datenschutzerkl\u00e4rung kl\u00e4rt die Nutzer \u00fcber die Art, den Umfang und Zwecke der Erhebung und Verwendung personenbezogener Daten durch die oben genannten verantwortlichen Personen auf dieser Website (www.pflegeazubis-beraten.de)) auf.<\/p>\n\n\n\n<p>Die rechtlichen Grundlagen des Datenschutzes finden sich im Bundesdatenschutzgesetz (BDSG) und dem Telemediengesetz (TMG).<\/p>\n\n\n\n<h3 class=\"wp-block-heading\">Server-Logfiles<\/h3>\n\n\n\n<p>Der Provider der Seiten erhebt und speichert automatisch Informationen in so genannten Server-Logfiles, die Ihr Browser automatisch an uns \u00fcbermittelt. Dies sind:<\/p>\n\n\n\n<ul>\n<li>Browsertyp und Browserversion<\/li>\n\n\n\n<li>verwendetes Betriebssystem<\/li>\n\n\n\n<li>Referrer URL<\/li>\n\n\n\n<li>Hostname des zugreifenden Rechners<\/li>\n\n\n\n<li>Uhrzeit der Serveranfrage<\/li>\n\n\n\n<li>IP-Adresse<\/li>\n<\/ul>\n\n\n\n<p>Diese Daten sind nicht bestimmten Personen zuordenbar. Eine Zusammenf\u00fchrung dieser Daten mit anderen Datenquellen wird nicht vorgenommen. Wir behalten uns vor, diese Daten nachtr\u00e4glich zu pr\u00fcfen, wenn uns konkrete Anhaltspunkte f\u00fcr eine rechtswidrige Nutzung bekannt werden.<\/p>\n\n\n\n<h3 class=\"wp-block-heading\">Kommentare<\/h3>\n\n\n\n<p>F\u00fcr die Kommentarfunktion auf dieser Seite werden neben Ihrem Kommentar auch Angaben zum Zeitpunkt der Erstellung des Kommentars, Ihre E-Mail-Adresse und, wenn Sie nicht anonym posten, der von Ihnen gew\u00e4hlte Nutzername gespeichert. Wir werden diese Daten zeitlich unbegrenzt speichern.<\/p>\n\n\n\n<h3 class=\"wp-block-heading\">Cookies<\/h3>\n\n\n\n<p>Wir verwenden keine Analyse- oder Tracking-Cookies. Die folgenden Cookies unterst\u00fctzen die von Ihnen genutzten Funktion der Webseite, wie etwa das Schreiben von Kommentaren oder das Einloggen.<\/p>\n\n\n\n<p>Wenn Sie einen Kommentar auf unserer Website schreiben, so ist das eine Einwilligung, Ihren Namen, E-Mail-Adresse und ggf. Website in Cookies zu speichern. Dies ist eine Komfortfunktion, damit Sie beim Schreiben eines weiteren Kommentars all diese Daten nicht erneut eingeben musst. Diese Cookies werden ein Jahr lang gespeichert.<\/p>\n\n\n\n<p>Falls Sie ein Konto auf dieser Website haben, dann werden wir ein tempor\u00e4res Cookie setzen, um festzustellen, ob Ihr Browser Cookies akzeptiert. Dieses Cookie enth\u00e4lt keine personenbezogenen Daten und wird verworfen, wenn Sie Ihren Browser schlie\u00dfen.<\/p>\n\n\n\n<p>Wenn Sie sich anmelden, dann werden wir einige Cookies einrichten, um Ihre Anmeldeinformationen und Anzeigeoptionen zu speichern. Anmelde-Cookies verfallen nach zwei Tagen und Cookies f\u00fcr die Anzeigeoptionen nach einem Jahr. Falls Sie bei der Anmeldung \u201eAngemeldet bleiben\u201c ausw\u00e4hlen wird Ihre Anmeldung zwei Wochen lang aufrechterhalten. Mit der Abmeldung aus Ihrem Konto werden die Anmelde-Cookies gel\u00f6scht. Alle Nutzenden dieser Webseite k\u00f6nnen jederzeit ihre pers\u00f6nlichen Informationen einsehen, ver\u00e4ndern oder l\u00f6schen (der Login-Name kann nicht ver\u00e4ndert werden). Administratoren der Website k\u00f6nnen diese Informationen ebenfalls einsehen und ver\u00e4ndern.<\/p>\n\n\n\n<p>Wenn Sie einen Artikel bearbeiten oder ver\u00f6ffentlichen, dann wird ein zus\u00e4tzlicher Cookie in Ihrem Browser gespeichert. Dieser Cookie enth\u00e4lt keine personenbezogenen Daten und verweist nur auf die Beitrags-ID des Artikels, den Sie gerade bearbeitet haben. Der Cookie verf\u00e4llt nach einem Tag.<\/p>\n\n\n\n<h3 class=\"wp-block-heading\">Ihre Rechte<\/h3>\n\n\n\n<p>Wenn du ein Konto auf dieser Website besitzt oder Kommentare geschrieben hast, kannst du einen Export deiner personenbezogenen Daten bei uns anfordern, inklusive aller Daten, die du uns mitgeteilt hast. Dar\u00fcber hinaus kannst du die L\u00f6schung aller personenbezogenen Daten, die wir von dir gespeichert haben, anfordern. Dies umfasst nicht die Daten, die wir aufgrund administrativer, rechtlicher oder sicherheitsrelevanter Notwendigkeiten aufbewahren m\u00fcssen.<\/p>\n\n\n\n<h3 class=\"wp-block-heading\">\u00c4nderungen dieser Datenschutzerkl\u00e4rung<\/h3>\n\n\n\n<p>Wir behalten uns vor, diese Datenschutzerkl\u00e4rung jederzeit anzupassen, damit sie stets den aktuellen rechtlichen Anforderungen entspricht oder um \u00c4nderungen unserer Leistungen in der Datenschutzerkl\u00e4rung umzusetzen. F\u00fcr Ihren erneuten Besuch gilt dann die neue Datenschutzerkl\u00e4rung.<\/p>\n\n\n\n<h3 class=\"wp-block-heading\">Kontakt<\/h3>\n\n\n\n<p>F\u00fcr Fragen zum Datenschutz auf www.pflegeazubis-beraten.de kontaktieren Sie bitte unter der oben angegebenen Kontaktadresse.<\/p>\n\n\n\n<p>Stand: 18.12.2023<\/p>\n","protected":false},"excerpt":{"rendered":"<p>Redaktion und Verantwortliche f\u00fcr den Inhalt Dieser Weblog wird zusammen mit Auszubildenden und Lehrenden von Pflegeschulen erstellt. Verantwortlich f\u00fcr die allgemeinen Seiten sowie f\u00fcr das Gesamtprojekt sind: Prof. Dr. Tobias H\u00f6lterhof und Prof. Dr. Roland Br\u00fcheKatholische Hochschule NRWW\u00f6rthstra\u00dfe 1050668 K\u00f6lnE-Mail-Adresse und Telefonnummer finden Sie auf dieser Profil-Seite. Verantwortlich f\u00fcr die Blog-Eintr\u00e4ge der Pflegeschulen sind die [&hellip;]<\/p>\n","protected":false},"author":1,"featured_media":0,"parent":0,"menu_order":0,"comment_status":"closed","ping_status":"open","template":"","meta":[],"_links":{"self":[{"href":"https:\/\/pflegeazubis-beraten.de\/index.php?rest_route=\/wp\/v2\/pages\/3"}],"collection":[{"href":"https:\/\/pflegeazubis-beraten.de\/index.php?rest_route=\/wp\/v2\/pages"}],"about":[{"href":"https:\/\/pflegeazubis-beraten.de\/index.php?rest_route=\/wp\/v2\/types\/page"}],"author":[{"embeddable":true,"href":"https:\/\/pflegeazubis-beraten.de\/index.php?rest_route=\/wp\/v2\/users\/1"}],"replies":[{"embeddable":true,"href":"https:\/\/pflegeazubis-beraten.de\/index.php?rest_route=%2Fwp%2Fv2%2Fcomments&post=3"}],"version-history":[{"count":3,"href":"https:\/\/pflegeazubis-beraten.de\/index.php?rest_route=\/wp\/v2\/pages\/3\/revisions"}],"predecessor-version":[{"id":175,"href":"https:\/\/pflegeazubis-beraten.de\/index.php?rest_route=\/wp\/v2\/pages\/3\/revisions\/175"}],"wp:attachment":[{"href":"https:\/\/pflegeazubis-beraten.de\/index.php?rest_route=%2Fwp%2Fv2%2Fmedia&parent=3"}],"curies":[{"name":"wp","href":"https:\/\/api.w.org\/{rel}","templated":true}]}}